e factors of 59230296?
2, 3, 19, 29, 1493
List the prime factors of 131253805.
5, 19, 487, 2837
List the prime factors of 807127678.
2, 7, 57651977
List the prime factors of 3525512211.
3, 13, 2317891
List the prime factors of 3007834.
2, 113, 13309
What are the prime factors of 2851314925?
5, 47, 2426651
What are the prime factors of 198406867?
653, 303839
List the prime factors of 92175863.
13, 7090451
List the prime factors of 348162984.
2, 3, 13, 31, 71
What are the prime factors of 345242433?
3, 173, 665207
What are the prime factors of 102128545?
5, 20425709
List the prime factors of 4305835792.
2, 61, 107, 41231
What are the prime factors of 684035853?
3, 19, 12000629
List the prime factors of 173993446.
2, 11, 29, 272717
List the prime factors of 401447724.
2, 3, 17, 557, 3533
What are the prime factors of 52425985?
5, 10485197
List the prime factors of 220934587.
220934587
What are the prime factors of 123970560?
2, 3, 5, 7, 1153
List the prime factors of 301732315.
5, 127, 475169
List the prime factors of 854714023.
37, 4621, 4999
What are the prime factors of 6852202978?
2, 19, 180321131
List the prime factors of 3798684210.
2, 3, 5, 73, 1734559
List the prime factors of 218893479.
3, 7, 17, 29, 21143
List the prime factors of 764475475.
5, 431, 70949
List the prime factors of 5730433817.
5730433817
What are the prime factors of 1212037485?
3, 5, 80802499
What are the prime factors of 912484448?
2, 28515139
List the prime factors of 3519660749.
11, 13577, 23567
What are the prime factors of 244497242?
2, 11, 383, 29017
What are the prime factors of 1505174071?
1019, 1477109
List the prime factors of 187981467.
3, 587, 106747
List the prime factors of 145925667.
3, 127, 127669
List the prime factors of 1037429438.
2, 43, 12063133
What are the prime factors of 199825836?
2, 3, 7, 653, 3643
What are the prime factors of 60873661?
587, 103703
List the prime factors of 624295854.
2, 3, 7, 13, 23, 73, 227
What are the prime factors of 120382140?
2, 3, 5, 2006369
What are the prime factors of 2367254989?
11, 215204999
List the prime factors of 477440696.
2, 43, 457, 3037
What are the prime factors of 2840875611?
3, 7, 19, 83, 109, 787
List the prime factors of 104077126.
2, 3851, 13513
What are the prime factors of 44881938?
2, 3, 17, 43, 379
List the prime factors of 438761903.
438761903
List the prime factors of 16550927.
16550927
List the prime factors of 1275786151.
547, 2332333
What are the prime factors of 2514661543?
29, 43, 1217, 1657
List the prime factors of 158958143.
17, 43, 101, 2153
What are the prime factors of 730070507?
547, 1334681
What are the prime factors of 4042923716?
2, 13, 23, 863, 3917
List the prime factors of 172508360.
2, 5, 457, 9437
List the prime factors of 1457571187.
19, 76714273
List the prime factors of 136457729.
173, 331, 2383
What are the prime factors of 762375008?
2, 523, 45553
List the prime factors of 5621713.
17, 330689
List the prime factors of 588082340.
2, 5, 311, 94547
What are the prime factors of 66969289?
66969289
What are the prime factors of 92722482?
2, 3, 190787
List the prime factors of 26945470.
2, 5, 181, 14887
List the prime factors of 255192235.
5, 191, 267217
List the prime factors of 690869663.
11, 62806333
List the prime factors of 12013858.
2, 47, 127807
What are the prime factors of 44028836?
2, 1579, 6971
List the prime factors of 1609015704.
2, 3, 6317, 10613
What are the prime factors of 514912840?
2, 5, 13, 283, 3499
What are the prime factors of 831809449?
811, 1025659
List the prime factors of 33355881.
3, 13, 10559
List the prime factors of 874908760.
2, 5, 11, 47, 42307
What are the prime factors of 49071314?
2, 2083, 11779
What are the prime factors of 6354651257?
6354651257
List the prime factors of 276529527.
3, 37, 830419
What are the prime factors of 31388427?
3, 7, 601, 829
What are the prime factors of 34906461?
3, 2273, 5119
What are the prime factors of 8801019964?
2, 11, 79, 157, 16127
List the prime factors of 746929987.
229, 3261703
What are the prime factors of 1588692725?
5, 63547709
List the prime factors of 11667519.
3, 1296391
List the prime factors of 1271705581.
23, 79, 811, 863
What are the prime factors of 1743186?
2, 3, 290531
List the prime factors of 10663686.
2, 3, 11, 53857
What are the prime factors of 1705990301?
1705990301
List the prime factors of 84679257.
3, 13, 19, 114277
List the prime factors of 28386214.
2, 47, 311, 971
List the prime factors of 233049241.
277, 841333
List the prime factors of 5502537991.
37, 148717243
What are the prime factors of 1825709502?
2, 3, 23, 3181, 4159
What are the prime factors of 560687831?
11, 1471, 34651
What are the prime factors of 7467231?
3, 2489077
What are the prime factors of 2332712848?
2, 43, 3390571
List the prime factors of 233821163.
19, 643, 19139
What are the prime factors of 4737411630?
2, 3, 5, 7, 31, 11551
What are the prime factors of 535483743?
3, 4673, 38197
List the prime factors of 1583499888.
2, 3, 3665509
List the prime factors of 789497402.
2, 23, 79, 217253
What are the prime factors of 556564139?
17, 859, 38113
List the prime factors of 165749197.
165749197
List the prime factors of 1941900290.
2, 5, 11, 17653639
What are the prime factors of 528247334?
2, 264123667
List the prime factors of 68433742.
2, 13, 2632067
What are the prime factors of 214670608?
2, 269, 49877
What are the prime factors of 504031781?
11, 45821071
What are the prime factors of 7842513758?
2, 19, 59, 3497999
List the prime factors of 9498460376.
2, 439, 769, 3517
What are the prime factors of 477982821?
3, 159327607
What are the prime factors of 976820567?
976820567
What are the prime factors of 33153433?
33153433
What are the prime factors of 20225032?
2, 2528129
List the prime factors of 20959403.
20959403
What are the prime factors of 2614523939?
13877, 188407
List the prime factors of 5930701013.
5930701013
What are the prime factors of 18413278?
2, 13, 17, 41659
What are the prime factors of 72878530?
2, 5, 37, 61, 3229
List the prime factors of 35004641.
7, 59, 131, 647
List the prime factors of 8043209609.
17, 463, 1021879
What are the prime factors of 291461710?
2, 5, 19, 151, 10159
List the prime factors of 399472819.
53, 7537223
What are the prime factors of 113495154?
2, 3, 29, 31, 53, 397
List the prime factors of 19551230.
2, 5, 1955123
List the prime factors of 292828963.
7, 491, 85199
What are the prime factors of 37742817?
3, 7, 1797277
What are the prime factors of 8691767394?
2, 3, 1448627899
What are the prime factors of 2093467395?
3, 5, 139564493
What are the prime factors of 92586285?
3, 5, 11, 187043
What are the prime factors of 15669466?
2, 881, 8893
List the prime factors of 604760941.
17, 167, 213019
What are the prime factors of 38297023?
29, 149, 8863
What are the prime factors of 61191811?
61191811
What are the prime factors of 1237153592?
2, 154644199
What are the prime factors of 55152617?
13, 43, 98663
What are the prime factors of 902978650?
2, 5, 7, 2579939
What are the prime factors of 622604610?
2, 3, 5, 191, 12073
What are the prime factors of 278294841?
3, 11, 563, 4993
List the prime factors of 432180722.
2, 216090361
List the prime factors of 48430474.
2, 24215237
List the prime factors of 1262798890.
2, 5, 167, 756167
List the prime factors of 2333387224.
2, 7, 17, 59, 41543
List the prime factors of 176107618.
2, 19, 43, 107777
What are the prime factors of 95308089?
3, 1019, 31177
What are the prime factors of 198379314?
2, 3, 7, 29, 18097
What are the prime factors of 759449213?
23, 33019531
List the prime factors of 73131081.
3, 24377027
What are the prime factors of 1106453777?
11, 13, 1163, 6653
What are the prime factors of 38655743?
7, 41, 367
List the prime factors of 987681914.
2, 2621, 188417
What are the prime factors of 947084428?
2, 236771107
List the prime factors of 1254360119.
59, 109, 195049
What are the prime factors of 8183167?
19, 167, 2579
What are the prime factors of 2239516597?
349, 6416953
List the prime factors of 321060624.
2, 3, 29, 230647
What are the prime factors of 101152098?
2, 3, 199, 9413
List the prime factors of 367255174.
2, 11, 13, 43, 29863
List the prime factors of 7008477760.
2, 5, 151, 145043
What are the prim